and 5668?
109
What is the highest common divisor of 400 and 103410?
10
What is the greatest common divisor of 456798 and 114?
114
What is the greatest common factor of 88 and 10021?
11
What is the greatest common divisor of 597744 and 12?
12
Calculate the greatest common divisor of 103 and 9389789.
103
What is the highest common divisor of 635540 and 645?
215
Calculate the highest common factor of 1232 and 259.
7
Calculate the greatest common factor of 1828239 and 294.
147
Calculate the highest common divisor of 470376 and 24.
24
Calculate the greatest common divisor of 48 and 61926.
6
Calculate the greatest common divisor of 3620 and 25700.
20
Calculate the highest common factor of 55 and 1023.
11
Calculate the greatest common divisor of 180 and 227025.
45
Calculate the greatest common divisor of 107632 and 112.
112
Calculate the greatest common divisor of 15288 and 1560.
312
Calculate the greatest common factor of 37011 and 2535.
507
What is the greatest common factor of 13502 and 317454?
314
What is the highest common divisor of 4312 and 896?
56
Calculate the greatest common factor of 17 and 1121796.
17
What is the greatest common factor of 2610 and 9380?
10
What is the highest common factor of 505 and 370?
5
Calculate the highest common divisor of 3 and 1631.
1
What is the greatest common divisor of 5664 and 176?
16
What is the greatest common divisor of 2329 and 21301?
17
What is the highest common divisor of 44688 and 126?
42
Calculate the highest common factor of 3971 and 335369.
361
Calculate the greatest common factor of 52559 and 468.
13
Calculate the greatest common divisor of 1428 and 8532.
12
What is the greatest common divisor of 72720 and 29520?
720
Calculate the highest common factor of 56 and 33593.
7
Calculate the highest common divisor of 12788 and 20.
4
Calculate the highest common divisor of 948 and 28704.
12
What is the greatest common divisor of 541692 and 4?
4
What is the greatest common factor of 42906 and 120?
6
Calculate the highest common factor of 5044662 and 126.
126
Calculate the greatest common divisor of 451 and 20008.
41
Calculate the greatest common divisor of 30340 and 328.
164
Calculate the greatest common divisor of 80 and 14128.
16
What is the greatest common divisor of 64757 and 5481?
203
Calculate the greatest common divisor of 20 and 36950.
10
What is the greatest common factor of 15360 and 46560?
480
Calculate the greatest common factor of 5918 and 10274.
22
What is the greatest common factor of 38 and 737884?
38
Calculate the highest common factor of 190 and 19030.
10
Calculate the greatest common factor of 194196 and 24.
12
Calculate the highest common factor of 17 and 628626.
17
Calculate the greatest common factor of 8388 and 3888.
36
Calculate the greatest common divisor of 435 and 675.
15
Calculate the highest common factor of 501607 and 113.
113
Calculate the greatest common divisor of 12017 and 26989.
197
What is the greatest common factor of 250760 and 8?
8
What is the greatest common factor of 1561 and 59095?
223
What is the greatest common divisor of 651724 and 1220?
244
Calculate the greatest common divisor of 2499 and 4131.
51
Calculate the highest common divisor of 126 and 30.
6
What is the highest common factor of 26325 and 725?
25
What is the greatest common divisor of 12576 and 49911?
393
Calculate the highest common factor of 7 and 3442999.
7
Calculate the highest common divisor of 785632 and 160.
32
Calculate the highest common divisor of 452 and 142606.
226
Calculate the greatest common divisor of 1449 and 3013.
23
Calculate the highest common factor of 120 and 118380.
60
Calculate the highest common factor of 212 and 75737.
53
What is the greatest common factor of 332181 and 162?
81
Calculate the greatest common factor of 402 and 123213.
201
What is the highest common divisor of 1616 and 3072?
16
Calculate the greatest common factor of 590 and 272285.
295
What is the greatest common divisor of 23086 and 4?
2
Calculate the highest common divisor of 594 and 42306.
66
Calculate the greatest common factor of 24 and 193890.
6
Calculate the greatest common divisor of 1067 and 1261.
97
What is the greatest common divisor of 873472 and 1920?
128
What is the highest common divisor of 443 and 2?
1
What is the highest common factor of 18006 and 1776?
6
Calculate the greatest common factor of 472 and 14042.
118
What is the greatest common factor of 29 and 153?
1
Calculate the greatest common divisor of 2272 and 279101.
71
Calculate the highest common factor of 140488 and 72.
8
What is the greatest common divisor of 2806 and 11590?
122
What is the greatest common factor of 174 and 851469?
87
Calculate the highest common divisor of 304056 and 24.
24
Calculate the highest common divisor of 187516 and 888.
148
Calculate the greatest common factor of 19957 and 749.
7
What is the greatest common factor of 726 and 34566?
6
What is the highest common factor of 19228 and 66044?
836
What is the highest common divisor of 824 and 23552?
8
What is the highest common factor of 50446 and 286?
22
What is the highest common factor of 122 and 5349517?
61
What is the greatest common factor of 71982 and 70649?
1333
What is the greatest common divisor of 44499 and 14742?
273
Calculate the highest common factor of 7891 and 832.
13
Calculate the highest common factor of 1128 and 878336.
376
Calculate the greatest common divisor of 119168 and 1330.
266
What is the highest common divisor of 30621 and 12975?
519
Calculate the greatest common divisor of 88 and 158004.
44
What is the greatest common factor of 864 and 1133172?
36
What is the greatest common divisor of 168075 and 1296?
81
Calculate the greatest common factor of 16750 and 5762.
134
What is the highest common factor of 2490152 and 424?
424
What is the greatest common divisor of 88 and 760?
8
What is the highest common factor of 25723 and 114423?
887
Calculate the highest common divisor of 102 and 1124754.
102
Calculate the highest common factor of 155 and 43679.
31
What is the greatest common divisor of 1858010 and 231?
77
Calculate the highest common divisor of 82894 and 48174.
434
Calculate the greatest common divisor of 1472 and 17480.
184
What is the greatest common divisor of 771342 and 1674?
186
What is the highest common divisor of 105 and 395619?
21
Calculate the highest common divisor of 2368091 and 242.
121
What is the greatest common divisor of 126 and 1016100?
18
What is the greatest common factor of 482068 and 342?
38
Calculate the highest common factor of 20404 and 4.
4
Calculate the greatest common divisor of 2366 and 4550.
182
Calculate the greatest common divisor of 24272 and 2812.
148
Calculate the highest common divisor of 21753 and 117.
9
What is the greatest common divisor of 1050407 and 265?
53
What is the greatest common factor of 2490 and 150?
30
What is the highest common divisor of 23865 and 2775?
555
Calculate the greatest common factor of 7107 and 12257.
103
What is the greatest common divisor of 17416 and 3262?
14
Calculate the highest common divisor of 156830 and 5.
5
What is the highest common divisor of 2829 and 966?
69
What is the greatest common divisor of 1085 and 585683?
217
Calculate the greatest common factor of 3140 and 1700.
20
What is the greatest common divisor of 87934 and 1232?
154
What is the highest common divisor of 1118 and 9360?
26
Calculate the highest common factor of 92 and 271561.
23
What is the highest common divisor of 4998690 and 90?
90
What is the highest common factor of 17020 and 16?
4
Calculate the highest common divisor of 7173 and 63.
9
Calculate the greatest common divisor of 287650 and 30334.
1046
What is the greatest common factor of 121519 and 23949?
887
What is the greatest common divisor of 1196 and 85592?
52
What is the greatest common divisor of 421099 and 301?
301
What is the highest common divisor of 8151 and 2574?
429
Calculate the highest common divisor of 10854 and 17688.
402
Calculate the greatest common factor of 26895 and 30.
15
Calculate the greatest common factor of 264 and 4020.
12
What is the highest common factor of 3730 and 5530?
10
What is the highest common factor of 62719 and 114?
19
What is the greatest common factor of 2176 and 459?
17
Calculate the highest common 